5, 173
List the prime factors of 1160.
2, 5, 29
List the prime factors of 13727.
7, 37, 53
What are the prime factors of 287?
7, 41
List the prime factors of 18936.
2, 3, 263
What are the prime factors of 2307?
3, 769
What are the prime factors of 460?
2, 5, 23
What are the prime factors of 2583?
3, 7, 41
What are the prime factors of 11421?
3, 47
List the prime factors of 2266.
2, 11, 103
List the prime factors of 2247.
3, 7, 107
What are the prime factors of 4229?
4229
List the prime factors of 64.
2
What are the prime factors of 612?
2, 3, 17
What are the prime factors of 82208?
2, 7, 367
What are the prime factors of 25875?
3, 5, 23
List the prime factors of 15524.
2, 3881
List the prime factors of 21928.
2, 2741
What are the prime factors of 75538?
2, 179, 211
List the prime factors of 4094.
2, 23, 89
What are the prime factors of 1632?
2, 3, 17
List the prime factors of 12133.
11, 1103
List the prime factors of 2152.
2, 269
What are the prime factors of 24221?
53, 457
List the prime factors of 16360.
2, 5, 409
List the prime factors of 75547.
31, 2437
What are the prime factors of 64071?
3, 7, 113
List the prime factors of 10147.
73, 139
What are the prime factors of 13906?
2, 17, 409
What are the prime factors of 18198?
2, 3, 337
List the prime factors of 1273.
19, 67
List the prime factors of 522.
2, 3, 29
What are the prime factors of 30012?
2, 3, 41, 61
What are the prime factors of 4168?
2, 521
What are the prime factors of 3922?
2, 37, 53
What are the prime factors of 105153?
3, 35051
What are the prime factors of 529?
23
List the prime factors of 67.
67
What are the prime factors of 12352?
2, 193
List the prime factors of 560.
2, 5, 7
List the prime factors of 35357.
7, 5051
What are the prime factors of 797?
797
What are the prime factors of 107?
107
What are the prime factors of 1651?
13, 127
List the prime factors of 998.
2, 499
What are the prime factors of 70295?
5, 17, 827
List the prime factors of 1786.
2, 19, 47
List the prime factors of 490.
2, 5, 7
List the prime factors of 4275.
3, 5, 19
List the prime factors of 21877.
131, 167
What are the prime factors of 1747?
1747
What are the prime factors of 818?
2, 409
What are the prime factors of 845?
5, 13
List the prime factors of 68748.
2, 3, 17, 337
What are the prime factors of 34158?
2, 3, 5693
What are the prime factors of 699?
3, 233
What are the prime factors of 29988?
2, 3, 7, 17
What are the prime factors of 4876?
2, 23, 53
What are the prime factors of 36496?
2, 2281
List the prime factors of 11909.
11909
List the prime factors of 947.
947
What are the prime factors of 18094?
2, 83, 109
List the prime factors of 24494.
2, 37, 331
What are the prime factors of 17352?
2, 3, 241
What are the prime factors of 460?
2, 5, 23
What are the prime factors of 7190?
2, 5, 719
List the prime factors of 6203.
6203
What are the prime factors of 87386?
2, 13, 3361
What are the prime factors of 3471?
3, 13, 89
List the prime factors of 3159.
3, 13
List the prime factors of 8491.
7, 1213
List the prime factors of 449.
449
List the prime factors of 4083.
3, 1361
What are the prime factors of 741?
3, 13, 19
List the prime factors of 49.
7
What are the prime factors of 4448?
2, 139
List the prime factors of 15176.
2, 7, 271
List the prime factors of 1854.
2, 3, 103
List the prime factors of 2433.
3, 811
List the prime factors of 1733.
1733
List the prime factors of 715.
5, 11, 13
What are the prime factors of 7035?
3, 5, 7, 67
What are the prime factors of 297?
3, 11
List the prime factors of 3379.
31, 109
List the prime factors of 1936.
2, 11
List the prime factors of 41595.
3, 5, 47, 59
List the prime factors of 10032.
2, 3, 11, 19
List the prime factors of 921.
3, 307
What are the prime factors of 19959?
3, 6653
What are the prime factors of 1068?
2, 3, 89
What are the prime factors of 66855?
3, 5, 4457
What are the prime factors of 17082?
2, 3, 13, 73
What are the prime factors of 1113?
3, 7, 53
List the prime factors of 24886.
2, 23, 541
List the prime factors of 1287.
3, 11, 13
List the prime factors of 1196.
2, 13, 23
List the prime factors of 71.
71
List the prime factors of 612.
2, 3, 17
What are the prime factors of 4061?
31, 131
List the prime factors of 115292.
2, 19, 37, 41
List the prime factors of 14370.
2, 3, 5, 479
List the prime factors of 4277.
7, 13, 47
What are the prime factors of 1387?
19, 73
List the prime factors of 2766.
2, 3, 461
What are the prime factors of 11114?
2, 5557
What are the prime factors of 7548?
2, 3, 17, 37
List the prime factors of 147856.
2, 9241
What are the prime factors of 17114?
2, 43, 199
What are the prime factors of 1039?
1039
List the prime factors of 242.
2, 11
What are the prime factors of 5354?
2, 2677
What are the prime factors of 26642?
2, 7, 11, 173
What are the prime factors of 5702?
2, 2851
List the prime factors of 46254.
2, 3, 13, 593
List the prime factors of 138.
2, 3, 23
What are the prime factors of 115653?
3, 19, 2029
What are the prime factors of 791?
7, 113
What are the prime factors of 8259?
3, 2753
List the prime factors of 61638.
2, 3, 10273
What are the prime factors of 1686?
2, 3, 281
List the prime factors of 11243.
11243
List the prime factors of 101576.
2, 12697
What are the prime factors of 880?
2, 5, 11
List the prime factors of 64.
2
List the prime factors of 6284.
2, 1571
List the prime factors of 359.
359
List the prime factors of 33759.
3, 11, 31
List the prime factors of 86.
2, 43
List the prime factors of 33972.
2, 3, 19, 149
List the prime factors of 1221.
3, 11, 37
What are the prime factors of 1064?
2, 7, 19
List the prime factors of 15702.
2, 3, 2617
What are the prime factors of 17804?
2, 4451
List the prime factors of 30499.
7, 4357
List the prime factors of 4325.
5, 173
List the prime factors of 980.
2, 5, 7
What are the prime factors of 8117?
8117
List the prime factors of 1681.
41
What are the prime factors of 51695?
5, 7, 211
What are the prime factors of 1612?
2, 13, 31
What are the prime factors of 2977?
13, 229
What are the prime factors of 5934?
2, 3, 23, 43
List the prime factors of 8315.
5, 1663
List the prime factors of 1298.
2, 11, 59
What are the prime factors of 1936?
2, 11
List the prime factors of 2422.
2, 7, 173
List the prime factors of 429.
3, 11, 13
What are the prime factors of 103274?
2, 51637
What are the prime factors of 14834?
2, 7417
List the prime factors of 1695.
3, 5, 113
List the prime factors of 771.
3, 257
What are the prime factors of 1737?
3, 193
List the prime factors of 1957.
19, 103
What are the prime factors of 1343?
17, 79
What are the prime factors of 5689?
5689
What are the prime factors of 240?
2, 3, 5
What are the prime factors of 93531?
3, 31177
List the prime factors of 1018.
2, 509
What are the prime factors of 286?
2, 11, 13
List the prime factors of 598.
2, 13, 23
List the prime factors of 1069.
1069
What are the prime factors of 11330?
2, 5, 11, 103
What are the prime factors of 10331?
10331
What are the prime factors of 746?
2, 373
List the prime factors of 132043.
23, 5741
What are the prime factors of 4567?
4567
List the prime factors of 20917.
13, 1609
List the prime factors of 33106.
2, 16553
What are the prime factors of 63396?
2, 3, 587
What are the prime factors of 1621?
1621
What are the prime factors of 818?
2, 409
What are the prime factors of 305?
5, 61
What are the prime factors of 8878?
2, 23, 193
What are the prime factors of 15002?
2, 13, 577
List the prime factors of 19059.
3, 6353
What are the prime factors of 8803?
8803
List the prime factors of 17508.
2, 3, 1459
What are the prime factors of 18143?
18143
What are the prime factors of 5550?
2, 3, 5, 37
List the prime factors of 972.
2, 3
List the prime factors of 106533.
3, 7, 19, 89
What are the prime factors of 1912?
2, 239
List the prime factors of 3194.
2, 1597
List the prime factors of 763.
7, 109
What are the prime factors of 6638?
2, 3319
What are the prime factors of 3535?
5, 7, 101
List the prime factors of 4136.
2, 11, 47
What are the prime factors of 280?
2, 5, 7
List the prime factors of 1992.
2, 3, 83
What are the prime factors of 15193?
15193
What are the prime factors of 55230?
2, 3, 5, 7, 263
What are the prime factors of 924?
2, 3, 7, 11
List the prime facto